 be the first derivative of 3*p**2 - 3*p + 10. Let h be y(-5). Let c = 75 + h. What is the tens digit of c?
4
Suppose -5*s + 15 = -0. Suppose -4*j - s*y = -155, -3*y = -4*j + 47 + 126. Suppose 101 = -f + 4*f - 5*p, -j = -f - 2*p. What is the tens digit of f?
3
Let h(q) be the second derivative of -2*q**3/3 - 2*q**2 + 4*q. Let x be h(-2). Suppose 4*c = -0*c + x. What is the units digit of c?
1
Suppose -25*z - 1556 = -29*z. What is the tens digit of z?
8
Let w(x) = x**3 + 6*x**2 - 19*x + 10. Let y be w(-9). Let p = 68 + y. What is the units digit of p?
6
Suppose 5*l = 3*x + 359, 94 = 3*l + 2*x - 110. Let y be ((-7)/2)/(6/(-12)). What is the units digit of 25/y + 30/l?
4
Let s(w) = -51*w - 98. What is the hundreds digit of s(-12)?
5
Let h be 2 - -1 - 525/(-5). Let a = 203 - h. What is the units digit of a?
5
Suppose -2*r - 5698 = -7*h + 2*h, -5*h - 5*r = -5705. What is the thousands digit of h?
1
What is the tens digit of 60/110 - (-57445)/55?
4
Let w(f) = 44*f + 339. What is the tens digit of w(7)?
4
Suppose -7*t = -9*t + 100. Let l = 111 - 45. Suppose -l = -4*s + t. What is the tens digit of s?
2
Let t be (-2)/7 + 144/14. Let z = t - 8. Suppose 0 = -5*m - 2*o + 65, 4*m + o + z*o = 59. What is the units digit of m?
1
Suppose -2*v = 9*v - 44. What is the tens digit of ((-266)/v)/((14/(-4))/7)?
3
Let a = 586 - 342. Let g = 447 - a. What is the hundreds digit of g?
2
Suppose -294 = 19*r - 16*r. What is the tens digit of (-6)/(-14) + (-2604)/r?
2
Let j(z) = -32*z + 91. What is the tens digit of j(-22)?
9
Let x(q) = -6*q + 95. What is the tens digit of x(-17)?
9
Let m(i) = 9*i + 84. What is the tens digit of m(15)?
1
Suppose -9*s + 14 + 4 = 0. What is the units digit of s*-2 - (1 - 258/6)?
8
Suppose -5*h + 4*g = -10230, 0 = 14*h - 12*h - 4*g - 4092. What is the tens digit of h?
4
Suppose 3*y + 3 = -3, -3*o - y = -85. Let p = o + 36. What is the tens digit of p?
6
Suppose 3*j + 4 = 2*j. What is the tens digit of (-69)/(-46) + (-542)/j?
3
Let k(a) = 87*a - 41. What is the hundreds digit of k(9)?
7
What is the hundreds digit of (-5)/(-4) + 16966/8?
1
Suppose 2*a + 2*r - 632 = 4*r, 5*r = 2*a - 647. What is the tens digit of (-2)/(-6) + a/3?
0
Let f(i) = -i + 13. Suppose -8*j + 7*j + 12 = 0. Suppose m - c + 29 = -m, j = 4*c. What is the tens digit of f(m)?
2
Let u(i) = -i**3 + 9*i**2 - 47*i - 377. What is the hundreds digit of u(-11)?
5
Let k be 10 + -2 + 1 - 0. Let z = -5 + k. Suppose -z*f - 2*q = -10, -4 - 3 = -4*f - q. What is the units digit of f?
1
Let w(t) be the third derivative of t**5/4 - t**4/8 - t**3/2 - 5*t**2. What is the tens digit of w(-2)?
6
Suppose -6*n + 6 = -24. Let p = n - -103. What is the units digit of p?
8
Let z be (4/(-6))/((-2)/69). Let p = z + -21. Suppose -3*g = -p*m - 1 - 45, 0 = -2*g + 5*m + 38. What is the units digit of g?
4
Suppose v - 7 = -0*v. Let f(k) = 7*k + 4 + 2 + 1 - k**2. What is the units digit of f(v)?
7
Suppose -3*s = -64*s + 157319. What is the units digit of s?
9
Let x(i) = -i**2 - 10*i - 10. Let q be x(-6). Suppose -4*k + 8*b = 3*b - q, -4*k - 4 = 4*b. Let d(h) = 30*h - 2. What is the units digit of d(k)?
8
Suppose 36*t - 24787 = -811. What is the units digit of t?
6
Suppose -29*l = 53*l - 280522. What is the thousands digit of l?
3
Let x = -37 + 72. Let u = -13 + x. What is the tens digit of u?
2
Suppose -4*h + 3*i = -51, 3*i = -4 + 13. Let k(y) = y - 10. Let n be k(3). What is the units digit of (n - -2)*(-3)/h?
1
Let g(t) be the second derivative of 97*t**5/20 - t**4/12 - t**3/3 + t**2/2 - 21*t. What is the tens digit of g(1)?
9
Let s(y) be the first derivative of y**3/3 + y**2/2 + 31*y - 15. What is the units digit of s(-7)?
3
Suppose -5099 = -5*n - 2*t + 1499, -3965 = -3*n + 5*t. What is the units digit of n?
0
Suppose 2907*n - 2912*n + 26705 = 0. What is the thousands digit of n?
5
Suppose -6*j = 4 - 22. Suppose -7*i = -j*i + 4*c - 464, c = 4*i - 444. What is the units digit of i?
2
Suppose -5*x = -c + 238, -5*c - 3*x + 805 + 413 = 0. What is the hundreds digit of c?
2
Let o = -3479 - -6015. What is the units digit of o?
6
Let g(x) = -5*x - 2. Let n be g(-3). Let i = n + -16. Let r = i - -6. What is the units digit of r?
3
Let b be 4 + 1 + (6 - 7). Suppose b*f - 7*f - t = -1002, 4*f - t = 1329. What is the tens digit of f?
3
Suppose -19022 = -31*g + 8630. What is the hundreds digit of g?
8
Suppose -96*y + 68*y + 9492 = 0. What is the units digit of y?
9
Let m = 2354 + -1453. What is the units digit of m?
1
Suppose 312*b - 316*b = -20. Suppose 253 = b*v - 372. What is the tens digit of v?
2
Let p be 53/17 - (-18)/(-153). Suppose -p*i = 672 - 87. What is the units digit of i/(-6) - 3/(-2)?
4
Let d = 59 + 20. Let c = d - 44. What is the units digit of c?
5
Suppose 4152 = 19*k - 7*k. What is the units digit of k?
6
Suppose 10016 = -25*r + 34716. What is the units digit of r?
8
Let c = -35 + 41. Suppose 95 = -q + c*q. What is the units digit of q?
9
Let b(v) = 4*v**2 - 7*v - 6. Let r be b(-4). Let q = -149 + 272. Let x = q - r. What is the tens digit of x?
3
Suppose 2*k - 4*m - 4138 = 0, -150*k = -146*k - 3*m - 8276. What is the thousands digit of k?
2
What is the units digit of -6 + 8767/22 + 10/4?
5
Suppose -4*o = 5*n + 22, o + 8 - 3 = -n. Let g(w) = -3*w - 10*w + 6 - 4*w + w. What is the units digit of g(n)?
8
Suppose -b - 2*i + 625 = 2*i, -4*i + 3157 = 5*b. What is the tens digit of b?
3
Let j be (146/(-6))/(1/9). What is the tens digit of j/(-2)*(-18)/(-27)?
7
Let c(s) = s + 12. Let w be c(-10). Suppose 3*n = -h - 47, w*h + 3*n = 6*n - 58. Let a = 83 + h. What is the units digit of a?
8
Let g = -886 + 1345. What is the tens digit of g?
5
Let r(q) = -q + 17*q + 14*q - 1 - 2*q. What is the tens digit of r(2)?
5
Let i(k) = -k**2 + 3*k + 4. Let y be i(4). Suppose y = -2*r + 39 + 25. What is the units digit of r?
2
Let k = 70 + 266. What is the units digit of k?
6
Let x(n) = -72*n - 42. What is the units digit of x(-8)?
4
Let h(m) = m**3 + 5*m**2 + 4. Let i = -9 - -9. Suppose -w - 5 + 0 = i. What is the units digit of h(w)?
4
Suppose 0 = 15*l - 3547 - 278. What is the units digit of l?
5
Let o(j) = -3*j + 2*j + 28*j**2 + 32*j**2 + 0 + 1. What is the tens digit of o(1)?
6
Suppose 2624 = -131*y + 147*y. What is the hundreds digit of y?
1
Suppose -3*p - 6 = b - 21, 0 = 4*p - 4*b - 36. What is the units digit of (-4)/p*(-13299)/62?
3
Suppose 6*m - 9*m = -228. Let i = 5 + -2. Suppose -i*q - q = -m. What is the units digit of q?
9
Suppose 6*i - 11 + 23 = 0. What is the tens digit of (-1 - (-3 + 0))*(-125)/i?
2
Suppose 3*k + 1508 - 6544 = z, 4*z + 8384 = 5*k. What is the thousands digit of k?
1
Let l = 490 - -177. What is the units digit of l?
7
Let s(n) = 7*n**2 - 5. Let b(h) be the second derivative of -5*h**4/3 + h**3/6 + 7*h**2 - 6*h. Let g(p) = -6*b(p) - 17*s(p). What is the units digit of g(9)?
8
Let x = -49 - -52. Suppose -5*a - 251 = -x*q, -2*a - 28 = -q + 56. What is the units digit of q?
2
Let u = 40 - 37. Suppose u*j + 297 = 3*a + 2*j, -3*j + 209 = 2*a. What is the hundreds digit of a?
1
Let a(n) = 2*n**3 + 8*n - 16. What is the tens digit of a(6)?
6
Let n = 70 + -66. Let q(t) = 5 + 0*t**3 + t**3 + t - 4*t**2 + 0*t**2. What is the units digit of q(n)?
9
What is the hundreds digit of ((-1222)/(-3))/((-40)/(-15) - 2)?
6
Let l(c) = 2*c**2 - 9*c + 15. What is the hundreds digit of l(-5)?
1
Suppose 5474 = 20*v - 39746. What is the tens digit of v?
6
Let v(b) = 2*b**3 - 12*b**2 + b - 1. Let g be v(6). Suppose -g*z - 115 = -10*z. What is the units digit of z?
3
Let p = 7477 - 3841. What is the tens digit of p?
3
Suppose -2*n + 5 = -3*s, 3*s = -4*n + n + 15. Suppose -5*j + 25 = 10, n*j = -2*p + 100. What is the units digit of p?
4
Let i = 64 - 53. Suppose -i*f = -424 - 1490. What is the units digit of f?
4
Let n(b) = b**2 + b - 8. Let t(l) = l**2 + 2*l - 7. Let j(v) = 3*n(v) - 4*t(v). Suppose -f + 4*c = -3*f + 2, 0 = f - 4*c + 17. What is the units digit of j(f)?
4
Suppose 0 = 2*j + 1 + 7. Let b(o) = o**3 + o**2 - o. Let d(q) = -11*q**3 + 4*q**2 - 4*q + 1. Let z(l) = j*b(l) + d(l). What is the tens digit of z(-1)?
1
Let a = -20 - -12. Let g = a + 8. Suppose 52 = 2*x - 3*h, -4*x - 2*h = -g*h - 72. What is the tens digit of x?
2
Let l(q) = q**3 - 8*q**2 - 8*q + 15. Let s be l(10). Let p = s + 100. What is the